s the units digit of o?
4
Suppose 4*k + k + 2*x + 129 = 0, 0 = 5*x - 15. Let h(m) = m**3 + 7*m**2 + 7*m. Let s be h(-6). What is the units digit of s/k + (-25)/(-9)?
3
Let i(d) be the second derivative of d**4/2 - d**3/3 - 7*d**2/2 + 10*d. Let c(h) be the first derivative of i(h). What is the tens digit of c(3)?
3
Suppose -4*u = 2*o - 1102 + 44, 5*u - 1300 = 5*o. What is the units digit of u?
3
Let b be 15/35 - 862/(-14). Let r = b - 26. What is the units digit of 1/3 - (-276)/r?
8
Let r(h) = 8*h - 4. Let d be r(5). Suppose 810 = d*i - 31*i. What is the hundreds digit of i?
1
Let v be -1 + (-3 + 92)*1. Let o = 24 - 19. Suppose -32 = -o*z + v. What is the units digit of z?
4
Suppose -2*m - 2*m + q = -36, 0 = 5*q. Let n(z) = -z**2 + 8*z + 12. Let t be n(m). Suppose 0*s - 66 = -t*s. What is the units digit of s?
2
What is the units digit of -7 + -1 + 2596 + (4 - 7)?
5
Let j(w) be the third derivative of w**4/12 + 7*w**3/6 + 7*w**2. Let m be j(5). Suppose 0*u = u - m. What is the units digit of u?
7
What is the units digit of ((-6)/(-10))/(4 - 13836/3460)?
9
What is the units digit of (14/(-4) + 3)*-38?
9
Let q(b) = -b**2 + 3*b - 150. Let c be q(0). What is the units digit of 3 - (-4 + c + -3)?
0
Suppose 3*o - 54 = -3*u, 2*u + 3*u = -4*o + 87. Let s = 20 - u. Suppose -s*y + 29 + 256 = 0. What is the units digit of y?
7
Suppose -12*q + 6367 = -1109. What is the tens digit of q?
2
Let u(y) = -7*y**3 - 4*y**2 - 4*y. Let x be u(-2). Suppose 0 = -8*t + x + 1864. What is the units digit of t?
9
Suppose 3*m + 6 + 0 = g, -m - 2 = -g. Let u be 4/(-6) + (-68)/(-12). Suppose g = -u*z, d = -0*d + z + 21. What is the units digit of d?
1
Let a = -39 + 428. What is the tens digit of a?
8
Let o = 3250 + -1732. What is the hundreds digit of o?
5
Let u = 70 + -66. Suppose 168 = u*x + 5*y, 0 = 4*x - y - 21 - 147. What is the tens digit of x?
4
Let f = -1094 + 1977. What is the hundreds digit of f?
8
Suppose -52*q - 3809 + 15717 = 0. What is the tens digit of q?
2
Let a(x) = 51*x**2 + 13*x + 14. What is the hundreds digit of a(-4)?
7
Let f = 9 + 7. Let z be f - ((2 - 2) + 0). Let d = -10 + z. What is the units digit of d?
6
Let g(a) = -a**3 + 6*a**2 + 16*a - 33. What is the tens digit of g(-9)?
3
Let a be (-20)/(-8)*(-8)/(-5). Let g(w) = a + 7 - 3*w - 4. What is the tens digit of g(-6)?
2
What is the hundreds digit of (-6 - (-78)/6) + (777 - -1)?
7
Let r(b) = 80*b**2 + 24*b + 115. What is the hundreds digit of r(-4)?
2
Let g(n) = 6*n - 1. Let d(h) = -7*h + 1. Let p(c) = 5*d(c) + 6*g(c). Let o(m) = 2. Let r(x) = -6*o(x) - 5*p(x). What is the units digit of r(-4)?
3
Suppose 0 = 11*t - 1585 - 2650. What is the units digit of t?
5
Let l = -825 - -2174. What is the units digit of l?
9
Let f = 263 + -461. Let g = f + 504. What is the hundreds digit of g?
3
Let y(z) be the first derivative of 5*z**2/2 - z - 1. Let l = 893 + -890. What is the units digit of y(l)?
4
Suppose -20*a + 14990 = -17790. What is the thousands digit of a?
1
Suppose 632 = -13*x + 14*x. Suppose -10*v + x = -6*v. What is the tens digit of v?
5
Suppose 2*i - 1727 = 5*t - 582, 0 = 3*i - 3*t - 1722. What is the tens digit of i?
7
Suppose 4*c = 6 + 274. What is the units digit of -4 + 4 - (c/(-2) + 0)?
5
Let t(i) = 12*i**2 + 13*i - 24. What is the hundreds digit of t(6)?
4
Let w(y) = 34*y + 69. What is the tens digit of w(48)?
0
Let n = 34 - 74. Let d(k) = -k**2 + k - 2. Let u be d(0). What is the units digit of n/(-12)*(-3)/u?
5
Let u(w) = -w**3 - 3*w - 3. Let h = -30 - -42. Suppose -4*j = h, -2*l + 0*j = -2*j - 2. What is the units digit of u(l)?
1
Let n(b) be the third derivative of -77*b**4/24 + 7*b**3/6 - 47*b**2. What is the units digit of n(-1)?
4
Let l(z) = -z**2 + 10*z - 9. Let o be l(6). Suppose 3*m + 0*m = o. Suppose 2*s - 5*j - 100 = 14, 3*s - m*j = 176. What is the tens digit of s?
6
Suppose 4*g - 5*k - 7 = 0, 3*k - 5 = -g + 1. Suppose -4*u + 436 = -3*w, 8*w - g*w - 132 = -u. What is the hundreds digit of u?
1
Let t(z) = 14 - z**3 - 11*z - 14*z**2 + 2*z**3 + 12*z**2. What is the units digit of t(6)?
2
Let w be 19*1/(-2)*-2. Suppose -w = -4*a - 7. Suppose 116 = 5*h + 2*f, 2*h - 38 - a = f. What is the tens digit of h?
2
Let o = 4 + -3. Let j(z) = -2*z**2 + 2*z - 1. Let m(n) = n**3 - n**2 + n. Let s(t) = o*j(t) + m(t). What is the units digit of s(3)?
8
Suppose 193 = 13*r - 4344. What is the tens digit of r?
4
Let h(f) = 7*f + 35. What is the units digit of h(4)?
3
Suppose -3*b - 3*s - 24 = -6*b, 4*s = 3*b - 26. Suppose -27 = -z + b. What is the units digit of z?
3
Let p(z) = 5*z - 2. Let r be p(1). Let c = 54 + r. What is the tens digit of c?
5
Let k(z) = -4*z**2 + 6*z - 10. Let g be k(3). Let j = g - 10. Let r = j - -80. What is the tens digit of r?
4
Let y(h) = 271*h - 150. What is the tens digit of y(4)?
3
Suppose -5*p - 5*x + 4*x + 2425 = 0, -3*p + 1468 = -2*x. What is the units digit of p?
6
Let g = 9 + 482. What is the units digit of g?
1
Let w = -67 + 137. What is the tens digit of w?
7
Suppose -3*j + 161 + 211 = 0. Let y = j + -83. What is the units digit of y?
1
Suppose -6*w + 10*w - 6*w = 0. Suppose 3*o - 2*m + 3*m - 969 = w, 4*o - 1300 = -4*m. What is the hundreds digit of o?
3
Suppose -3 = -2*f + 7. Suppose -f*q = 2*u - 150, 58 + 48 = 3*q - 2*u. What is the units digit of q?
2
Suppose 4*x - 12 = 6*x. What is the hundreds digit of (-16)/x*(8 + 73)?
2
What is the tens digit of ((-5)/(-5)*2)/(16/15352)?
1
Let c = 2679 + -1786. Suppose -5*u = -2*n - c, -6*n + 4*n - 362 = -2*u. Let y = u - 120. What is the units digit of y?
7
Suppose 0 = 10*w - 6*w - 20. Suppose -w*n - 54 = -8*n. Suppose -9*p = -3*p - n. What is the units digit of p?
3
Let t = -4128 - -6262. What is the thousands digit of t?
2
Suppose k - 20 = -3*k. Let w be -165*(-4 + 18/k). Let n = -26 + w. What is the tens digit of n?
4
Let i be (-2)/((10/2)/(-40)). Suppose -6*c + i*c - 1600 = 0. What is the hundreds digit of c?
1
Let g = 671 - -20. Suppose -407 = -3*w + 5*o, 5*w - 6*o = -4*o + g. What is the tens digit of w?
3
Suppose 0 = v + 12 - 0. What is the tens digit of (207/v)/((-2)/8)?
6
What is the units digit of 12 + 4197 + 0*(-4)/(-16)?
9
Let l(s) = s - 1. Let r(x) = x - 8. Let i(t) = -l(t) - r(t). Let u be i(-8). Suppose 4*f - 114 = 2*a, -3*f - 4*a + 33 + u = 0. What is the tens digit of f?
2
Suppose 3*c + 2*c = 0. Let g(i) = 125*i**2 - i + 3. Let y be g(1). Suppose 4*p = o + y, -4*p + 3*p + o + 34 = c. What is the tens digit of p?
3
Let j(v) = v**3 + 9*v**2 + 8*v + 3. Let r be j(-8). Suppose r*g + 2*u = -2*u + 700, g = 2*u + 240. What is the units digit of g?
6
Let z(c) = -4*c**3 - 4*c**2 + 2*c + 2. Let w be z(-2). Suppose 0 = -u + w + 36. What is the tens digit of u?
5
Let z(y) be the second derivative of -42*y**3 - 3*y**2 - 26*y. What is the units digit of z(-1)?
6
Suppose 16*t = 1684 + 604. What is the units digit of t?
3
Let o be 546/(-4) + 24/(-16). Let m = 196 + o. What is the units digit of m?
8
Let x(r) = -r**2 - 2*r + 3. Let f be x(0). Suppose 2*g - 20 = f*g. What is the tens digit of (-8)/g - (-592)/20?
3
Suppose 0 = 5*w + 15, -3*a - 2 = w - 5. Suppose 5*p - a*o = -5*o + 87, -2*o = -8. Let k = p + -12. What is the units digit of k?
3
Let k(u) be the second derivative of u**5/20 + 11*u**4/12 + u**3 + 23*u**2/2 + 5*u. What is the tens digit of k(-10)?
6
Let t = 4290 + -2514. What is the hundreds digit of t?
7
Let l(b) = 180*b - 135. What is the hundreds digit of l(11)?
8
Suppose 0 = 3*f - 6*f + 6. Suppose -15 - 237 = -4*w. What is the tens digit of (-12)/f*w/(-14)?
2
Suppose 3*r + i = 1425, 3*i = 3*r - 741 - 672. What is the units digit of r?
4
Let l(f) = f + 8. Let q be l(-8). Suppose -4*m + 5*t + 20 = q, -5*m + 25 = -0*m + 3*t. Suppose m*w + 230 = 10*w. What is the tens digit of w?
4
Let l(b) = 31*b**2 + 6 + 8*b**2 - 8 + 0*b + 2*b. What is the tens digit of l(1)?
3
Suppose 10*i + 106 = 5*i + 2*x, 0 = 5*x + 10. Let t = 25 + i. Suppose 5*c = t*p + 63, -2*c - 4*p + 38 = -2*p. What is the units digit of c?
5
Suppose 4*u = -4*x - 33 + 1, 56 = -5*u - x. Let i = 28 + u. What is the units digit of i?
6
Let z(t) = -t**3 + 10*t**2 - 11*t + 2. Let y be z(7). Let q = -21 + y. What is the tens digit of q?
5
Let b(g) = 34*g + 105. What is the tens digit of b(4)?
4
Suppose -3*o - 14 = 4. What is the hundreds digit of 31/(